9 = 5*h + 4, 69 = p*n + 3*h. What is the units digit of n?
8
Let l(a) = -2*a**2 + 7*a + 24. Let x be l(6). Let j(z) = z**2 + 2*z - 15. What is the units digit of j(x)?
9
Let u = 68 - 2. What is the tens digit of -15*(u/(-9) - -4)?
5
Suppose 17*z - 22*z = -10. Let c = -3 + 17. Let g = c - z. What is the tens digit of g?
1
Let y = 7 - -297. Let v = y + -158. What is the units digit of v?
6
Let w(y) = -y**2 - 19*y - 30. Let v be w(-16). Let u(p) = 15*p - 38. What is the hundreds digit of u(v)?
2
Let c = -3 + -16. Suppose 3*s = 93 + 9. Let p = s - c. What is the tens digit of p?
5
Suppose -3*v + 7*v = 8. Suppose -70 = -v*u + 74. What is the tens digit of u?
7
Let n(l) = l + 19. Let w be n(-16). Suppose -185 = -5*z + 2*b - 3*b, w*z = 5*b + 111. What is the tens digit of z?
3
Let s(l) = -48*l**3 - 2*l - 1. Suppose 0*y + 5 = -5*y. Let b be s(y). Suppose -2*d - 3*g + 9 = -14, 0 = 4*d + 5*g - b. What is the tens digit of d?
1
Suppose 0 = 2*d + 4*d - 378. Let i = d - 39. What is the units digit of i?
4
Suppose -3*v = -6*v + 78. Suppose 4 = 2*n - 4. Suppose -b + 53 = 2*s + n*b, s = -2*b + v. What is the tens digit of s?
2
Suppose 38*c - 33*c = -10. Let d = 17 - c. What is the tens digit of d?
1
Suppose 75*k + 186120 = 165*k. What is the units digit of k?
8
Let k be (1*(-12)/(-9))/(6/9). What is the tens digit of (-11)/((-154)/1032) + k/7?
7
Suppose r + 13 = -0. Let q = r - -28. Let l = 36 - q. What is the units digit of l?
1
What is the hundreds digit of (4740/8)/(21/28)?
7
Let t(x) = x**3 - 53*x**2 + 113*x - 215. What is the hundreds digit of t(53)?
7
Let l = 2063 + -1473. Suppose -5*a = -3*a - l. What is the hundreds digit of a?
2
Suppose -d - 3*l - 238 = -731, 0 = -2*d - 4*l + 986. Let x = 711 - d. What is the tens digit of x?
1
Suppose 70 = 10*o - 0. Suppose -v + o = -20. What is the tens digit of v?
2
Suppose 5*x = 348 - 8. Suppose -x = -2*c - 0*c. What is the units digit of c?
4
Suppose 5*m = 4*m + o + 7, -m = -2*o - 11. Suppose m*x = 36 + 24. What is the tens digit of x?
2
Suppose -29*q = 2*q - 58962. What is the units digit of q?
2
Suppose -3*h = -129 - 360. What is the tens digit of h?
6
Suppose 5*h = 5 + 15. Suppose -3*u - 280 = -4*t, 3*t - 205 = h*u + 12. What is the tens digit of t?
6
What is the tens digit of -3*1/(-2)*22*1?
3
Suppose 1274*o = 1271*o + 4971. What is the hundreds digit of o?
6
Let h be (-25 - 0)/(7 + -6)*-9. Let o = -148 + h. What is the tens digit of o?
7
Let y = 449 + -200. What is the tens digit of y?
4
Let c(k) = -3*k - 13 - 22*k**2 - 4*k + 21*k**2. Let r be c(-5). Let p = 15 - r. What is the units digit of p?
8
Suppose -2*d + 503 = -t, -3*d = 3*t + 270 - 1038. What is the hundreds digit of d?
2
Suppose b - 8*b = -49. What is the hundreds digit of ((-7)/(-2))/b + (-247)/(-2)?
1
Suppose 7*b + 4381 = -6*b. Let q = 558 + b. What is the units digit of q?
1
What is the hundreds digit of (-13156)/(-20) + -6 - (-4)/(-5)?
6
Let l = -1134 + 1613. What is the tens digit of l?
7
Let i be (-3)/15 - 19/5. Let b be (i/3)/(2/(-6)). Suppose 5 = 5*w - 5*r, 2*w = 4*r - b - 0. What is the units digit of w?
4
Suppose -5*x + 2368 + 762 = 3*k, -1879 = -3*x - 2*k. What is the units digit of x?
3
Let g be -51 - -5 - (2 + -6). Let z = 70 + g. Suppose -5*q + 25 + 67 = 2*y, 2*y + z = q. What is the units digit of q?
0
Let r = 3220 - -429. What is the units digit of r?
9
Suppose -4*d + 6756 = -2*l, 21*l + 6756 = 4*d + 17*l. What is the thousands digit of d?
1
Let l(v) be the second derivative of -37*v**5/20 - v**4/6 - v**3/3 - v**2/2 - 4*v. Let d be l(-1). What is the units digit of (d/(-10))/((-10)/25)?
9
Let j(n) = -3*n**2 - n - 6. Let y(q) = 3*q**2 + 2*q + 6. Let p(a) = -4*j(a) - 3*y(a). What is the units digit of p(-5)?
1
Suppose 2*c = 84 + 1048. What is the hundreds digit of c?
5
Suppose 30 = -31*v + 26*v. What is the units digit of ((-2)/v)/(21/3717)?
9
Let m be (-30)/(-105) + (-886)/14. Let k be (1 - 3)/(9/m). Suppose k + 92 = 2*f. What is the units digit of f?
3
Suppose 4 = 2*g - 2. Suppose -2*q + u + 276 = 0, g*q - 294 = 5*u + 120. Suppose -2 = n, -5*k - 2*n + q = -13. What is the units digit of k?
1
Let c(g) = g**2 - 2*g - 4. Let f be c(-2). Suppose 5*h = y + y - 55, y - 32 = f*h. What is the tens digit of y?
2
Suppose 5*b - 3*m = 23 + 27, 2*m = 5*b - 50. Suppose 0 = -2*c + 2 - b. Let l(q) = -q - 3. What is the units digit of l(c)?
1
Let f(c) = 3*c**3 + 40*c**2 - 17*c + 29. What is the tens digit of f(-13)?
1
Let x(t) = -2*t - t + 0 - 9*t**2 - 8*t**3 - 23 + 7*t**3. What is the hundreds digit of x(-10)?
1
Let x(k) = 8*k - 2. Let v(r) = r + 1. Let m(n) = -3*v(n) - x(n). What is the units digit of m(-3)?
2
Let f = 63 + 100. What is the units digit of f?
3
Suppose -12 = -x + 2*x - 3*s, 4 = 4*x + s. Suppose q = -5*t - 2*q, 2*t + 2*q = x. Suppose t*i = 4*i - 212. What is the tens digit of i?
5
Let z = 142 + -110. What is the tens digit of z?
3
Let n(s) = 2*s - 2. Let t(v) = 1. Let h(r) = -n(r) - 5*t(r). What is the units digit of h(-2)?
1
Let z = 19406 - 13299. What is the tens digit of z?
0
Suppose -2*i + 7*i + 42 = -3*m, 2 = i - 2*m. Let p be (i + 49)/(-3 + 2). Let t = -2 - p. What is the tens digit of t?
4
Suppose 5*m - m = -16. Let c(y) = -4*y - 8. What is the units digit of c(m)?
8
Let j(u) = u - 6. Let l be j(-3). Let a = l - -7. What is the tens digit of (35/(-2))/(a/4)?
3
Suppose u - 2 - 23 = 0. Let n be (-20)/u*30*2. Let x = -25 - n. What is the tens digit of x?
2
Suppose -5*x = 3*y + 4, -y + 1 - 7 = -3*x. Let q(g) = 5*g**2. Let t be q(x). What is the units digit of 3 - (t/(-1) + 2)?
6
Let y be (-165)/22 + 6/4. What is the units digit of (45/(-6))/(y/12)?
5
Suppose 9*m - 5*m = -n + 2980, -3*n = 5*m - 3725. What is the tens digit of m?
4
Let d(z) = 8*z**2 - 4*z + 4. Let i be d(-10). What is the tens digit of (-2)/7 + 7/(98/i)?
6
Let i(s) = 21*s - 25. Let y(o) = -11*o + 12. Let t(f) = -4*i(f) - 7*y(f). What is the units digit of t(-8)?
2
Let t = 2995 + -1105. What is the hundreds digit of t?
8
Let r(g) = -6*g**3 - 11*g**2 + 5*g - 1. Let x(u) = -7*u**3 - 12*u**2 + 5*u. Let f(y) = -6*r(y) + 5*x(y). What is the tens digit of f(-5)?
5
Suppose -k + 1382 = a, -2*k - 9*a = -10*a - 2749. What is the hundreds digit of k?
3
Let t(k) = k**3 + 4*k**2 + 3*k + 2. Let y be t(-3). Let j be (6 + -2)*-4*y. What is the tens digit of (-4)/6 - j/3?
1
Let f be (-5)/(-5)*-3 + 11/1. What is the hundreds digit of (f/4)/((-10)/(-595))?
1
Let o(n) = 2*n**2 - 45*n - 17. What is the units digit of o(-11)?
0
Let k be (-2)/(-2)*(-13 - -14) + -4. Let g(b) = 12*b - 37*b + 8*b. What is the tens digit of g(k)?
5
Suppose -m - 2*h = -174, -3*m + h = 2*h - 532. What is the tens digit of m?
7
Let d = 3 + -2. Let c = d + 1. Suppose -11 - 11 = -c*t. What is the tens digit of t?
1
What is the tens digit of -4 - 52/(-16) - (-9057)/12?
5
Let i = -388 + 1662. What is the tens digit of i?
7
Let l(t) = 2*t**2 + 41*t - 147. What is the hundreds digit of l(-31)?
5
Let o(d) = -d**3 - 3*d**2 - 3*d - 2. Let s be o(-2). Suppose 0*w + w - 4*l = 2, 5*w + l + 11 = s. What is the tens digit of -12 - -16 - 30/w?
1
Let q(x) = -5*x + 2*x + 2*x + 7. Let s be q(5). Suppose 27 = s*l + 3. What is the tens digit of l?
1
Suppose 4*s - 4*n = 22128, 4*n = -2*s - s + 16617. What is the units digit of s?
5
Let n be (-18)/4 - (-3)/(-2). Let y = n + 11. Suppose -105 = -y*d + 5. What is the units digit of d?
2
Suppose 2*h + 170 = -0*m + m, 3 = -3*h. Suppose -2*q = -l - m, -5*q - l = -3*l - 418. What is the tens digit of q?
8
Let j(v) = v**3 + v + 5. Let x be j(0). Suppose 2*w - z = -5*z + 102, -3*w + 197 = -x*z. What is the units digit of w?
9
Let h(m) = 2*m**2 + 7*m + 9. What is the units digit of h(-2)?
3
Suppose -184 = -c - 4*y, -46 - 476 = -3*c - 2*y. Suppose 2*s + 34 = 2*a - c, 0 = -s + 5. What is the units digit of a?
8
Suppose 0 = 51*m - 128*m + 156002. What is the hundreds digit of m?
0
Suppose 0*b + b + 10 = 3*m, 5*b - 3*m = 10. Suppose n + 672 = b*n. What is the units digit of n?
8
What is the tens digit of (-6)/((-16)/(-40) - 739/1810)?
2
What is the units digit of (((-40484)/(-8))/29)/(2/4)?
9
Suppose -3*g + 4*g + 64 = 2*i, 3*g + 37 = i. Suppose -6*m = -83 - i. What is the units digit of m?
9
Let c = -78 + 76. What is the tens digit of (51/c)/((-15)/20)?
3
Let i = -622 - -1525. What is the uni